True
Is 349978913 a composite number?
True
Is 183300473 a prime number?
True
Is 3946421101 prime?
False
Is 939402733 composite?
True
Is 9735078097 composite?
False
Is 129490847 a composite number?
False
Is 1875473417 prime?
True
Is 1572482501 prime?
False
Is 1187840483 a prime number?
False
Is 91027909 composite?
True
Is 27539629883 a composite number?
False
Is 94478077 prime?
False
Is 17110414285 composite?
True
Is 89842295 a composite number?
True
Is 10047252185 prime?
False
Is 934720901 composite?
False
Is 449706571 composite?
False
Is 30062599571 a composite number?
True
Is 866901697 prime?
True
Is 50141505329 prime?
False
Is 5244571133 a prime number?
True
Is 271508587 a prime number?
False
Is 21228982523 composite?
True
Is 2353628381 a composite number?
True
Is 370140187 a composite number?
False
Is 26743339531 composite?
False
Is 42292387 prime?
True
Is 8033713279 composite?
False
Is 10832781343 a composite number?
False
Is 1639443095 prime?
False
Is 40264063717 prime?
True
Is 886566017 composite?
False
Is 1686857581 prime?
True
Is 1677950159 a prime number?
True
Is 6872570587 composite?
True
Is 1863640913 a composite number?
False
Is 16566949511 composite?
True
Is 23830282519 prime?
True
Is 13760911195 a prime number?
False
Is 112226207 a prime number?
True
Is 130143259 prime?
True
Is 181644569147 a prime number?
False
Is 4247284079 prime?
True
Is 11120529841 composite?
False
Is 269511247 a composite number?
True
Is 2664362507 a prime number?
False
Is 152593403773 prime?
False
Is 81877063441 prime?
False
Is 189508801 composite?
False
Is 8817843313 a composite number?
False
Is 53162658557 a prime number?
True
Is 45847700335 a composite number?
True
Is 2293673101 composite?
True
Is 12246466178 prime?
False
Is 49013286491 a prime number?
False
Is 1724947591 a prime number?
True
Is 37096245679 prime?
True
Is 297940483 a prime number?
True
Is 480147457 composite?
False
Is 45983603611 a prime number?
False
Is 10750307263 a prime number?
True
Is 123158971 composite?
True
Is 16048322 a prime number?
False
Is 4669943923 prime?
False
Is 488580937 a prime number?
False
Is 95382097 a prime number?
True
Is 647036147 prime?
True
Is 37163678029 composite?
True
Is 87031237 prime?
False
Is 589361989 prime?
True
Is 914864941 a prime number?
True
Is 12094919033 composite?
False
Is 13860247283 prime?
False
Is 35670266767 a prime number?
False
Is 918091619 composite?
True
Is 127289471 a prime number?
False
Is 67925073143 a prime number?
True
Is 60731220629 a composite number?
False
Is 4538017603 a prime number?
False
Is 47579487463 a prime number?
True
Is 103849448431 prime?
False
Is 5287312607 composite?
False
Is 1099949909 prime?
True
Is 733910809 prime?
True
Is 1496282881 a composite number?
True
Is 684599789 composite?
True
Is 30049789097 a composite number?
False
Is 44617341827 prime?
False
Is 41485222483 prime?
True
Is 70979947 a prime number?
False
Is 1437754147 a prime number?
True
Is 60288763 a composite number?
False
Is 3952087977 composite?
True
Is 45081674749 a prime number?
True
Is 2466355817 prime?
True
Is 42281591 a composite number?
True
Is 126389656739 prime?
True
Is 11134554946 composite?
True
Is 80729201321 prime?
True
Is 5068668083 a prime number?
True
Is 4128219019 a composite number?
True
Is 2615069843 a prime number?
False
Is 946805059 composite?
True
Is 115993908277 a composite number?
True
Is 160004353 a composite number?
True
Is 2430859 a prime number?
False
Is 12286241963 a prime number?
True
Is 25068063 composite?
True
Is 772200509 a composite number?
True
Is 51230300359 prime?
False
Is 56073634181 a prime number?
True
Is 18075116387 composite?
True
Is 36127643 composite?
False
Is 14301827939 a composite number?
True
Is 4897941611 a prime number?
True
Is 44379354941 composite?
True
Is 8690718299 a composite number?
True
Is 32682140209 composite?
True
Is 89022211 a prime number?
True
Is 37538304361 a prime number?
False
Is 2819107177 a prime number?
False
Is 5742847259 a composite number?
False
Is 1530558683 a prime number?
True
Is 2759068001 a composite number?
False
Is 1216142051 a prime number?
True
Is 71046420983 a prime number?
True
Is 4746449479 prime?
True
Is 56436329517 a composite number?
True
Is 149122423479 prime?
False
Is 5919486961 prime?
True
Is 25504536971 composite?
True
Is 5892295417 prime?
True
Is 14943403493 a composite number?
False
Is 2759381347 prime?
False
Is 154750183759 a composite number?
False
Is 1910034121 prime?
True
Is 1172044009 prime?
False
Is 1078213589 prime?
False
Is 15266624717 composite?
True
Is 3887974357 a composite number?
False
Is 2017024871 composite?
True
Is 46587403549 a prime number?
True
Is 50928272743 composite?
False
Is 1381818829 composite?
False
Is 8251124137 a prime number?
False
Is 15919536317 prime?
True
Is 5635731139 prime?
True
Is 691024249 a composite number?
False
Is 332533841 prime?
False
Is 190015019 prime?
True
Is 326131291 prime?
False
Is 1191577999 a composite number?
True
Is 3083572703 a prime number?
True
Is 269449289 a prime number?
False
Is 764257381 a composite number?
False
Is 34137652327 a composite number?
False
Is 566849473 a composite number?
True
Is 10340291487 composite?
True
Is 89666624902 a prime number?
False
Is 63918123037 prime?
True
Is 44054507641 a composite number?
True
Is 2436268049 a prime number?
False
Is 2173188599 a composite number?
True
Is 4512305857 a composite number?
True
Is 29964353071 a prime number?
True
Is 54295893133 composite?
True
Is 4056385969 composite?
True
Is 3449598157 a composite number?
False
Is 3273050633 a prime number?
True
Is 1796277419 prime?
True
Is 1859465021 a prime number?
False
Is 5042399897 a composite number?
False
Is 31791785143 composite?
False
Is 296462477 composite?
True
Is 1385780159 prime?
False
Is 69269434049 composite?
True
Is 1348895269 a prime number?
True
Is 2303877931 prime?
False
Is 4894718966 a prime number?
False
Is 100500097 prime?
False
Is 138674657003 composite?
False
Is 1846660163 prime?
False
Is 34283990339 a composite number?
False
Is 31365945983 a composite number?
True
Is 74720199991 a prime number?
False
Is 20145951341 a prime number?
True
Is 10413625289 a composite number?
False
Is 33411037007 a composite number?
False
Is 616786223 prime?
True
Is 83463912433 prime?
False
Is 1308017563 a prime number?
True
Is 221585491 prime?
False
Is 95688038 prime?
False
Is 914050339 prime?
False
Is 2141582519 a composite number?
False
Is 121418483 prime?
True
Is 67988329 a prime number?
False
Is 44218765033 a composite number?
True
Is 1558467011 a composite number?
True
Is 18549284043 prime?
False
Is 15351822637 prime?
True
Is 907860563 a composite number?
False
Is 78298153 composite?
True
Is 9648050129 a prime number?
True
Is 12474835213 a prime number?
False
Is 760940057 prime?
True
Is 86044529021 prime?
False
Is 264064747 prime?
False
Is 39607872133 a composite number?
True
Is 2350728473 a composite number?
False
Is 2821836482 prime?
False
Is 2324470711 prime?
False
Is 801367319 a composite number?
True
Is 8682202745 a composite number?
True
Is 545347657 a composite number?
False
Is 3169410281 composite?
True
Is 31137271789 a composite number?
True
Is 1618144121 composite?
True
Is 4781175359 composite?
False
Is 2886603169 a composite number?
True
Is 3994754273 composite?
True
Is 63423545567 composite?
False
Is 12633381203 a composite number?
False
Is 94414196885 prime?
False
Is 86701185463 prime?
False
Is 105151297481 a composite number?
False
Is 14536022629 a prime number?
True
Is 993543805 a composite number?
True
Is 18229315751 prime?
True
Is 1844437877 a composite number?
False
Is 12574737499 a prime number?
False
Is 138701603 a prime number?
False
Is 56170253 prime?
True
Is 4475712277 a composite number?
False
Is 1387713727 a composite number?
True
Is 383818199 a prime number?
True
Is 7500417319 a prime number?
True
Is 200065447 a prime number?
True
Is 5386880591 composite?
False
Is 1912810127 composite?
True
Is 4739186653 a composite number?
False
Is 7905159377 prime?
True
Is 21229208701 composite?
False
Is 298207859 prime?
True
Is 35819489473 a composite number?
False
Is 78573161 composite?
False
Is 515289869 a composite number?
False
Is 265098637 composite?
False
Is 45957996631 prime?
Fal